 value of 6 + -2 + (-1 - 3)?
0
What is the value of (6 - 13) + (2 - (-4 - -2))?
-3
What is the value of -5 - (5 - 10) - -4?
4
What is the value of -3 + -1 - (-2 + -4)?
2
What is -5 + (7 - (13 - (7 - 0)))?
-4
What is -25 + 32 - (7 + -3)?
3
Evaluate -5 - ((8 - 12) + 0).
-1
Calculate -6 - ((-9 - -3) + 7) - -16.
9
Calculate -2 - (-2 + (-1 - -1 - 1)).
1
-8 - (0 + 0 - 7)
-1
What is the value of 0 + -3 + -3 + -4 + 10?
0
Evaluate 0 - 3 - (-3 + -3).
3
Evaluate (5 - 3) + -2 + 0 + 2.
2
Calculate (-5 - -19) + -7 - -2.
9
What is -4 + (-11 - (10 + -18))?
-7
What is 10 + -1 + -1 + -6?
2
What is 5 + -2 - (14 + -18) - 9?
-2
Calculate -7 + 8 + 4 - (2 + 1).
2
Evaluate 4 + -8 + (23 - 12).
7
Calculate (-1 - 0) + (0 - (10 - 6)).
-5
Evaluate -4 - -5 - ((1 - -2) + -1).
-1
Evaluate -6 + 3 + 3 + (0 - 3).
-3
What is the value of 9 + 14 + -24 + -2?
-3
What is -2 + (-5 + -3 - -5 - 1)?
-6
Evaluate (1 - 3) + -33 + 36.
1
What is the value of 4 - (1 + 5) - 1?
-3
4 - (-3 - -3) - (27 + -30)
7
1 - -5 - (-7 - -13 - -2)
-2
What is the value of (-2 - -2 - 1) + -3 + -1?
-5
Evaluate (-10 - -7) + 2 + 2.
1
What is -9 + (-16 - -21 - (3 + 0))?
-7
Calculate (-7 - (0 + -3)) + 7.
3
Calculate 4 + (2 - (-2 - (1 - 7))).
2
What is the value of 2 - (6 + -14 + -7 + 10)?
7
Evaluate (-2 + 0 - 1) + (3 - -3).
3
What is 1 + (9 - 4 - 8)?
-2
What is the value of 14 - (0 + 0 + 8)?
6
Calculate (1 - -6) + -3 + (15 - 15).
4
What is the value of 27 + 0 + -32 - (-8 - -1)?
2
Evaluate -2 + (-4 - -1) - (-1 - 0).
-4
(-4 - -5 - 5) + 3
-1
What is the value of -6 + (-1 - 0 - -9)?
2
Evaluate -3 - (-8 - (-2 + -2)) - 2.
-1
31 + -25 - (5 + 2)
-1
(3 + (1 - 8) - -10) + -5
1
Calculate -11 + -11 + 9 - -8.
-5
Evaluate -1 + -1 - (-1 + 2 + -2).
-1
1 + 0 - 5 - (-7 + 7)
-4
Evaluate -2 + (1 + -1 - -5).
3
What is 2 + (1 + -4 - 3)?
-4
What is 5 + -6 + (3 - (10 - 5))?
-3
Evaluate -1 + 5 + -7 + 1 + 4.
2
3 + -4 + -4 + 0
-5
What is -7 + 0 - (6 + -5 + -3)?
-5
What is the value of 0 - 0 - (6 - (17 + -7))?
4
Evaluate (5 - 2) + -1 + 0.
2
Calculate 6 + -3 - (7 + -4 + 2).
-2
Calculate (-7 + 1 - -13) + -3.
4
What is the value of 8 - ((-1 - 0) + 9)?
0
What is -7 - -4 - (-3 + -8)?
8
Evaluate (-3 - -8) + (-7 - -7 - 5).
0
What is the value of (-46 - -43) + 0 + 13?
10
3 + -3 + (5 - 2) + 1
4
What is the value of -1 - -11 - (4 + 2)?
4
-7 - (-2 + -5 + 1 - -3)
-4
What is (-4 - 0) + (-2 - -10) + 0?
4
Evaluate (0 - -4) + (-2 - (5 + 2)).
-5
What is the value of 8 + -1 + 1 + -3?
5
-1 + 1 + 5 + (1 - 1)
5
What is -3 - (8 + -5 - 3 - 8)?
5
Calculate 11 + (-7 - -19 - 17).
6
What is the value of 7 + (3 - 3) + -4?
3
What is -2 + (3 - (-1 - (-3 + 4)))?
3
-2 + (7 - 4 - 5) + 6
2
(-1 - (-2 - -11)) + 4 + 1
-5
Evaluate 8 + (-24 - (-16 - -9)).
-9
Calculate -13 - (-12 - -4 - 1).
-4
Evaluate -3 + -5 + 15 - 2 - -1.
6
Calculate -4 + (-1 - -2) + -3 + 4.
-2
-3 + (4 - 12 - -6)
-5
What is the value of 5 - (-6 - -4) - 1?
6
What is 21 + -19 + 1 + -1 + -9?
-7
Evaluate 1 - 2 - (3 + 1).
-5
(-5 - -2) + 11 + (5 - 16)
-3
What is 25 + -24 + -1 + 2?
2
What is 1 + -2 + (3 - (1 + 6))?
-5
Calculate (-2 + -6 - (29 + -33)) + -2.
-6
-2 + (-1 + -1 - -2)
-2
What is (-2 - 2) + 4 + 1?
1
Evaluate (-6 - -2) + 3 + 0 + 3.
2
What is the value of 7 + 0 + 10 + -23?
-6
What is -1 - (0 - -1 - (6 - 4))?
0
What is -23 + 19 - (-5 - 0)?
1
What is the value of 0 - (-2 - 0) - -2?
4
What is the value of -9 + (4 - -9) + 2 + -7?
-1
What is the value of (2 - 4) + 5 + -3?
0
Evaluate -10 + (2 - 0) + -2.
-10
5 - -4 - 0 - 5
4
Evaluate -4 - (-4 - -7 - (9 - 3)).
-1
Evaluate -41 + 51 + -14 + -1.
-5
What is -5 - (-10 - -7) - -3?
1
What is the value of (-1 - (-8 + 4 + 1)) + -8?
-6
What is the value of -6 + (-5 - (-11 - -4))?
-4
What is the value of 1 + -6 - (8 - (-5 - -11))?
-7
What is -3 + 5 + (-2 - 0 - -3)?
3
Evaluate -3 + -7 + 8 - (0 + 3).
-5
What is the value of -7 + (-3 + 0 - (-4 - 1))?
-5
-5 + (-4 - 5) + 8
-6
What is the value of -6 + 1 - 0 - -8?
3
Evaluate (1 - (6 - 2)) + 2.
-1
Evaluate -7 + 9 + -7 + 8 + 4.
7
4 + (8 - 4) + -3 + 0
5
What is the value of (0 - -3) + -4 + 0?
-1
Evaluate -3 - (-4 + (-5 - -1)).
5
0 - (0 + 10 + -17)
7
Evaluate -32 - -35 - (-5 - -2).
6
Calculate 0 - (5 + -6 + 6).
-5
What is -5 + 2 + (1 - -2)?
0
What is 9 - (7 + -7 + 7)?
2
Evaluate (4 - 7) + 5 - 5.
-3
-11 + (-4 - -11) + 1
-3
Calculate 2 - (2 - (-14 - -9)).
-5
-3 + (-2 - 3) + 4
-4
Evaluate 6 + -3 + 4 - 12.
-5
(-7 + 6 - 0) + -2
-3
Calculate (4 - 16) + 5 + 4 + 4.
1
Calculate -14 - (-9 + -12 + 9).
-2
What is 5 + -8 + 1 - 1?
-3
Evaluate (4 - (-1 - -6)) + -8 - -6.
-3
What is the value of -2 - (-1 + 0 - (2 + -6))?
-5
What is 0 - ((14 - 10) + -8)?
4
What is -4 + 13 - (-20 - -25)?
4
Calculate (11 - 0 - 8) + (1 - 3).
1
Calculate (-2 - -10) + -15 + 0.
-7
Calculate -5 - (-2 - (1 - -3)).
1
-4 - (-5 + -3) - 4 - 3
-3
What is the value of -3 - (3 + -8) - -3 - -2?
7
What is -1 - (-2 + 2 + -2)?
1
8 - (5 - -6) - -8
5
What is the value of -17 + -12 + 19 - (-4 + -1)?
-5
2 - ((-2 - (1 - 2)) + 3)
0
9 - (-4 - -15) - (-2 - 0)
0
What is the value of (-8 + 5 - 3) + 15 - 7?
2
What is the value of -1 + (5 - (3 - -2))?
-1
What is the value of 4 + (1 - 3 - 2) - -1?
1
(2 - 4) + 3 + -6 - -4
-1
Calculate (-1 - -1) + (2 - 3 - -4).
3
Evaluate (-42 - -43) + (3 - -1).
5
What is the value of -1 - -2 - (-8 - (12 - 23))?
-2
Evaluate 4 + (-1 - -1) + 0 - 0.
4
What is the value of -3 + 6 + (-2 - 4)?
-3
Evaluate -1 - -6 - (8 + 1 + -6).
2
What is 51 + -52 + (-2 - -1 - 1)?
-3
(0 - (3 + -3 - -2)) + 1
-1
What is the value of 7 + (0 + -3 - 7)?
-3
2 - ((31 - 33) + (2 - 0))
2
What is the value of 2 + (0 + -6 - -6)?
2
Calculate (-2 - 1) + (-1 + -4 - -5).
-3
What is the value of (-1 - 0) + (7 - 3)?
3
12 + -6 - 5 - 9
-8
What is (-8 - -1) + 9 - (2 + 0)?
0
Evaluate 3 + -1 - 3 - 3.
-4
7 - (9 + -11 + 9)
0
Evaluate 2 - (-1 + -2 - (-2 - 8)).
-5
What is 3 + -8 + 3 - 3?
-5
Evaluate -9 + 1 + 13 + -9.
-4
Calculate -1 - -2 - (6 - (13 + 0)).
8
What is 1 + -2 - (-4 - (0 + -5))?
-2
What is 3 - 0 - ((11 - 6) + -11)?
9
8 + -5 + 1 + -9 - 0
-5
Evaluate -12 + (-8 - (-18 + 3 + 1)).
-6
What is the value of (11 - (1 + -3)) + -8?
5
Evaluate -2 + 7 - (-7 + 5) - 1.
6
Calculate (5 - -3) + 3 + -9.
2
What is the value of 1 + 0 + 1 + -4?
-2
Evaluate (4 - -2) + (1 - 4).
3
Calculate 0 - -2 - ((0 - -2) + -2).
2
(2 + 1 - 7) + 2 + 2
0
-3 + 0 + 1 + 0 + -4
-6
5 - (-1 - -4 - (28 + -24))
6
(13 - 6) + -6 + (-1 - -4)
4
What is the value of 4 + (6 + 3 + -2 - 4)?
7
Calculate -13 - (2 - 8) - (1 + -4).
-4
Evaluate -2 + 3 + (3 - 4 - 0).
0
What is the value of 5 - 6 - -4 - -1?
4
Calculate 3 - (-4 - -4) - 6.
-3
-2 - (2 + -3 + -1) - -5
5
What is the value of 1 + (4 - (4 - (4 - 5)))?
0
Calculate -3 + -1 + 15 + (19 - 31).
-1
Evaluate 3 + -26 + 10 + 10.
-3
-8 + (13 - 3) - (-1 + -1)
4
What is the value of 5 + -5 + 6 + (-6 - 2)?
-2
Calculate 2 + -6 + 3 + (1 - -2).
2
Evaluate (-14 - -9) + 8 + 2 - -3.
8
Evaluate (8 - 9) + (2 + -1 - 2).
-2
2 + (8 - (-1 + 7)) + -6
-2
What is (0 - -3) + -2 + -3?
-2
Evaluate -9 + -1 + (8 - 3).
-5
Evaluate -17 - 0 - (-18 - (-11 - 0)).
-10
What is (-2 + -9 - -4) + 3 + 0?
-4
Evaluate 0 + 1 + 3 - (155 - 157).
6
What is the value of (0 - -7) + -2 - 2?
3
What is -3 + 2 + -6 + 12?
5
Calculate -3 - (2 + 0 - (3 - 1)).
-3
What is the value of 1 + (-8 - -8) - 3?
-2
Calculate 0 + (6 - -1) + -3.
4
-1 + 1 + (-7 - -5)
-2
Calculate -2 - 0 - (1 - 5).
2
What is the value of 2 - (-5 + -1 + 6)?
2
What is the value of -4 - -3 - (-10 - (-2 - 3))?
4
7 + -10 + 4 + -8 + 6
-1
Calculate -8 + (3 - (-2 + 0 - -5)).
-8
What is (8 - (-1 - -2)) + -7?
0
Evaluate -6 + (0 - (3 + -2 + -5)).
-2
2 - (1 - 1) - (11 - 13)
4
-10 + 1 + 0 + 5 - -4
0
What is the value of (-1 - -1) + (-1 - 6 - -6)?
-1
What is the value of -1 + 0 - -2 - (22 - 17)?
-4
-2 + 7 + -11 + 2
-4
Calculate -11 + (-5 - (8 + -18)).
-6
Calculate 6 - ((5 - 7) + 21) - -7.
-6
(-4 - (-1 - 7)) + -7
-3
(-1 - -1) + (-34 - -41)
7
Evaluate -2 + 0 + -3 - -7.
2
What is -52 - -58 - (4 + 1)?
1
What is the value of (-10 - -19) + -4 + -7?
-2
What is 11 - (-3 - (-11 + 1))?
4
Evaluate -3 - -1 - -8 - (-1 + 2).
5
Calculate -5 + (2 - -3) - -1.
1
What is the value of -5 - -5 - (2 + 2) - -7?
3
What is 2 - (1 + 2 - (1 + -1))?
-1
Evaluate 2 + (4 - 0) + -3 + -8.
-5
What is the value of 52 + -45 - (0 - (-15 - 0))?
-8
What is the value of 4 - ((-1 - -1) + 3 + -2)?
3
Calculate 4 - (1 + -3 - -2).
4
What is 7 + (-10 - -5)